{"id":525,"date":"2013-08-23T07:40:43","date_gmt":"2013-08-23T07:40:43","guid":{"rendered":"https:\/\/demowordpress.templatesquare.com\/pathaway\/?page_id=525"},"modified":"2014-04-08T10:53:41","modified_gmt":"2014-04-08T10:53:41","slug":"home-2","status":"publish","type":"page","link":"https:\/\/www.derosacostruzioni.it\/web\/","title":{"rendered":"Home"},"content":{"rendered":"<h1>La \u00a0Mission<\/h1>\n<p>Per noi della De Rosa Costruzioni, da sempre, i rapporti e i comportamenti devono essere improntati ai principi di onest\u00e0, correttezza, integrit\u00e0, trasparenza e reciproco rispetto.<br \/>\nLa nostra ambiziosa mission aziendale \u00e8 la realizzazione di costruzioni e ristrutturazioni, destinate all\u2019uso residenziale, commerciale e industriale, che sappiano soddisfare i bisogni e le aspettative di clienti esigenti, i quali chiedono non solo seriet\u00e0 nelle realizzazioni strutturali, ma anche finiture accurate e un elevato livello di comfort.<br \/>\nLa De Rosa Costruzioni crede:<\/p>\n<ul>\n<li>nella centralit\u00e0 delle persona, nel rispetto della sua integrit\u00e0 fisica e culturale e nel rispetto dei suoi valori di interrelazione con gli altri;<\/li>\n<li>nella valorizzazione delle risorse umane attraverso percorsi di accrescimento professionale e di partecipazione agli scopi di impresa;<\/li>\n<li>nel rispetto e nella tutela dell\u2019ambiente;<\/li>\n<li>nell\u2019attenzione ai bisogni e alle aspettative legittime degli interlocutori interni ed esterni per migliorare il clima di appartenenza e il grado di soddisfazione;<\/li>\n<li>nell\u2019affidabilit\u00e0 dei sistemi e delle procedure di gestione per la massima sicurezza degli addetti, della collettivit\u00e0 e dell\u2019ambiente;<\/li>\n<li>nell\u2019efficienza, l\u2019efficacia e l\u2019economicit\u00e0 dei sistemi gestionali per accrescere costantemente i livelli di redditivit\u00e0 e di competitivit\u00e0 dell\u2019impresa;<\/li>\n<li>nella correttezza e nella trasparenza dei sistemi di gestione in conformit\u00e0 alle norme e alle convenzioni vigenti, nei riguardi delle componenti interne ed esterne all\u2019impresa.<\/li>\n<\/ul>\n<div class=\"banner\">\n<div class=\"left\">\n<div class=\"text\">LAVORIAMO PER FAR RINASCERE LA NOSTRA STORIA.<\/div>\n<\/div>\n<div class=\"right\">\n<div class=\"text\"><em>COSTRUIRE CON AMORE.<\/em><\/div>\n<\/div>\n<\/div>\n<div style=\"width: 100%; height: 35px; display: block; clear: both;\"><\/div>\n","protected":false},"excerpt":{"rendered":"<p>La \u00a0Mission Per noi della De Rosa Costruzioni, da sempre, i rapporti e i comportamenti devono essere improntati ai principi di onest\u00e0, correttezza, integrit\u00e0, trasparenza e reciproco rispetto. La nostra ambiziosa mission aziendale \u00e8 la realizzazione di costruzioni e ristrutturazioni, destinate all\u2019uso residenziale, commerciale e industriale, che sappiano soddisfare i bisogni e le aspettative di [&hellip;]<\/p>\n","protected":false},"author":1,"featured_media":0,"parent":0,"menu_order":0,"comment_status":"closed","ping_status":"closed","template":"","meta":{"footnotes":""},"class_list":["post-525","page","type-page","status-publish","hentry"],"yoast_head":"<!-- This site is optimized with the Yoast SEO plugin v26.0 - https:\/\/yoast.com\/wordpress\/plugins\/seo\/ -->\n<title>Home - De Rosa Costruzioni<\/title>\n<meta name=\"robots\" content=\"index, follow, max-snippet:-1, max-image-preview:large, max-video-preview:-1\" \/>\n<link rel=\"canonical\" href=\"https:\/\/www.derosacostruzioni.it\/web\/\" \/>\n<meta property=\"og:locale\" content=\"it_IT\" \/>\n<meta property=\"og:type\" content=\"article\" \/>\n<meta property=\"og:title\" content=\"Home - De Rosa Costruzioni\" \/>\n<meta property=\"og:description\" content=\"La \u00a0Mission Per noi della De Rosa Costruzioni, da sempre, i rapporti e i comportamenti devono essere improntati ai principi di onest\u00e0, correttezza, integrit\u00e0, trasparenza e reciproco rispetto. La nostra ambiziosa mission aziendale \u00e8 la realizzazione di costruzioni e ristrutturazioni, destinate all\u2019uso residenziale, commerciale e industriale, che sappiano soddisfare i bisogni e le aspettative di [&hellip;]\" \/>\n<meta property=\"og:url\" content=\"https:\/\/www.derosacostruzioni.it\/web\/\" \/>\n<meta property=\"og:site_name\" content=\"De Rosa Costruzioni\" \/>\n<meta property=\"article:modified_time\" content=\"2014-04-08T10:53:41+00:00\" \/>\n<meta name=\"twitter:label1\" content=\"Tempo di lettura stimato\" \/>\n\t<meta name=\"twitter:data1\" content=\"1 minuto\" \/>\n<script type=\"application\/ld+json\" class=\"yoast-schema-graph\">{\"@context\":\"https:\/\/schema.org\",\"@graph\":[{\"@type\":\"WebPage\",\"@id\":\"https:\/\/www.derosacostruzioni.it\/web\/\",\"url\":\"https:\/\/www.derosacostruzioni.it\/web\/\",\"name\":\"Home - De Rosa Costruzioni\",\"isPartOf\":{\"@id\":\"https:\/\/www.derosacostruzioni.it\/web\/#website\"},\"datePublished\":\"2013-08-23T07:40:43+00:00\",\"dateModified\":\"2014-04-08T10:53:41+00:00\",\"breadcrumb\":{\"@id\":\"https:\/\/www.derosacostruzioni.it\/web\/#breadcrumb\"},\"inLanguage\":\"it-IT\",\"potentialAction\":[{\"@type\":\"ReadAction\",\"target\":[\"https:\/\/www.derosacostruzioni.it\/web\/\"]}]},{\"@type\":\"BreadcrumbList\",\"@id\":\"https:\/\/www.derosacostruzioni.it\/web\/#breadcrumb\",\"itemListElement\":[{\"@type\":\"ListItem\",\"position\":1,\"name\":\"Home\",\"item\":\"https:\/\/www.derosacostruzioni.it\/web\/\"},{\"@type\":\"ListItem\",\"position\":2,\"name\":\"Home\"}]},{\"@type\":\"WebSite\",\"@id\":\"https:\/\/www.derosacostruzioni.it\/web\/#website\",\"url\":\"https:\/\/www.derosacostruzioni.it\/web\/\",\"name\":\"De Rosa Costruzioni\",\"description\":\"www.derosacostruzioni.it\",\"publisher\":{\"@id\":\"https:\/\/www.derosacostruzioni.it\/web\/#organization\"},\"potentialAction\":[{\"@type\":\"SearchAction\",\"target\":{\"@type\":\"EntryPoint\",\"urlTemplate\":\"https:\/\/www.derosacostruzioni.it\/web\/?s={search_term_string}\"},\"query-input\":{\"@type\":\"PropertyValueSpecification\",\"valueRequired\":true,\"valueName\":\"search_term_string\"}}],\"inLanguage\":\"it-IT\"},{\"@type\":\"Organization\",\"@id\":\"https:\/\/www.derosacostruzioni.it\/web\/#organization\",\"name\":\"De Rosa Costruzioni\",\"url\":\"https:\/\/www.derosacostruzioni.it\/web\/\",\"logo\":{\"@type\":\"ImageObject\",\"inLanguage\":\"it-IT\",\"@id\":\"https:\/\/www.derosacostruzioni.it\/web\/#\/schema\/logo\/image\/\",\"url\":\"https:\/\/www.derosacostruzioni.it\/web\/wp-content\/uploads\/2013\/08\/logo-derosacostruzioni.png\",\"contentUrl\":\"https:\/\/www.derosacostruzioni.it\/web\/wp-content\/uploads\/2013\/08\/logo-derosacostruzioni.png\",\"width\":250,\"height\":79,\"caption\":\"De Rosa Costruzioni\"},\"image\":{\"@id\":\"https:\/\/www.derosacostruzioni.it\/web\/#\/schema\/logo\/image\/\"}}]}<\/script>\n<!-- \/ Yoast SEO plugin. -->","yoast_head_json":{"title":"Home - De Rosa Costruzioni","robots":{"index":"index","follow":"follow","max-snippet":"max-snippet:-1","max-image-preview":"max-image-preview:large","max-video-preview":"max-video-preview:-1"},"canonical":"https:\/\/www.derosacostruzioni.it\/web\/","og_locale":"it_IT","og_type":"article","og_title":"Home - De Rosa Costruzioni","og_description":"La \u00a0Mission Per noi della De Rosa Costruzioni, da sempre, i rapporti e i comportamenti devono essere improntati ai principi di onest\u00e0, correttezza, integrit\u00e0, trasparenza e reciproco rispetto. La nostra ambiziosa mission aziendale \u00e8 la realizzazione di costruzioni e ristrutturazioni, destinate all\u2019uso residenziale, commerciale e industriale, che sappiano soddisfare i bisogni e le aspettative di [&hellip;]","og_url":"https:\/\/www.derosacostruzioni.it\/web\/","og_site_name":"De Rosa Costruzioni","article_modified_time":"2014-04-08T10:53:41+00:00","twitter_misc":{"Tempo di lettura stimato":"1 minuto"},"schema":{"@context":"https:\/\/schema.org","@graph":[{"@type":"WebPage","@id":"https:\/\/www.derosacostruzioni.it\/web\/","url":"https:\/\/www.derosacostruzioni.it\/web\/","name":"Home - De Rosa Costruzioni","isPartOf":{"@id":"https:\/\/www.derosacostruzioni.it\/web\/#website"},"datePublished":"2013-08-23T07:40:43+00:00","dateModified":"2014-04-08T10:53:41+00:00","breadcrumb":{"@id":"https:\/\/www.derosacostruzioni.it\/web\/#breadcrumb"},"inLanguage":"it-IT","potentialAction":[{"@type":"ReadAction","target":["https:\/\/www.derosacostruzioni.it\/web\/"]}]},{"@type":"BreadcrumbList","@id":"https:\/\/www.derosacostruzioni.it\/web\/#breadcrumb","itemListElement":[{"@type":"ListItem","position":1,"name":"Home","item":"https:\/\/www.derosacostruzioni.it\/web\/"},{"@type":"ListItem","position":2,"name":"Home"}]},{"@type":"WebSite","@id":"https:\/\/www.derosacostruzioni.it\/web\/#website","url":"https:\/\/www.derosacostruzioni.it\/web\/","name":"De Rosa Costruzioni","description":"www.derosacostruzioni.it","publisher":{"@id":"https:\/\/www.derosacostruzioni.it\/web\/#organization"},"potentialAction":[{"@type":"SearchAction","target":{"@type":"EntryPoint","urlTemplate":"https:\/\/www.derosacostruzioni.it\/web\/?s={search_term_string}"},"query-input":{"@type":"PropertyValueSpecification","valueRequired":true,"valueName":"search_term_string"}}],"inLanguage":"it-IT"},{"@type":"Organization","@id":"https:\/\/www.derosacostruzioni.it\/web\/#organization","name":"De Rosa Costruzioni","url":"https:\/\/www.derosacostruzioni.it\/web\/","logo":{"@type":"ImageObject","inLanguage":"it-IT","@id":"https:\/\/www.derosacostruzioni.it\/web\/#\/schema\/logo\/image\/","url":"https:\/\/www.derosacostruzioni.it\/web\/wp-content\/uploads\/2013\/08\/logo-derosacostruzioni.png","contentUrl":"https:\/\/www.derosacostruzioni.it\/web\/wp-content\/uploads\/2013\/08\/logo-derosacostruzioni.png","width":250,"height":79,"caption":"De Rosa Costruzioni"},"image":{"@id":"https:\/\/www.derosacostruzioni.it\/web\/#\/schema\/logo\/image\/"}}]}},"_links":{"self":[{"href":"https:\/\/www.derosacostruzioni.it\/web\/wp-json\/wp\/v2\/pages\/525","targetHints":{"allow":["GET"]}}],"collection":[{"href":"https:\/\/www.derosacostruzioni.it\/web\/wp-json\/wp\/v2\/pages"}],"about":[{"href":"https:\/\/www.derosacostruzioni.it\/web\/wp-json\/wp\/v2\/types\/page"}],"author":[{"embeddable":true,"href":"https:\/\/www.derosacostruzioni.it\/web\/wp-json\/wp\/v2\/users\/1"}],"replies":[{"embeddable":true,"href":"https:\/\/www.derosacostruzioni.it\/web\/wp-json\/wp\/v2\/comments?post=525"}],"version-history":[{"count":18,"href":"https:\/\/www.derosacostruzioni.it\/web\/wp-json\/wp\/v2\/pages\/525\/revisions"}],"predecessor-version":[{"id":1131,"href":"https:\/\/www.derosacostruzioni.it\/web\/wp-json\/wp\/v2\/pages\/525\/revisions\/1131"}],"wp:attachment":[{"href":"https:\/\/www.derosacostruzioni.it\/web\/wp-json\/wp\/v2\/media?parent=525"}],"curies":[{"name":"wp","href":"https:\/\/api.w.org\/{rel}","templated":true}]}}